2 - ((0 - -4) + -33)?
31
Let p be 52/12 + 2/3. Suppose 3*m = m + 3*h + 36, p*m + 4*h - 44 = 0. List the prime factors of m.
2, 3
Suppose 0 = 3*l - 3*v - 93, 4*l + 21 - 121 = -2*v. What are the prime factors of l?
3
Suppose -2*c = -3*f + 92, 3*c = f + 2*f - 144. Let k = -30 - c. List the prime factors of k.
2, 11
Let f be 0 + (-7 + 4)/(-1). Suppose -f*m + 235 = 2*m. What are the prime factors of m?
47
Suppose 3*d - 40 = 3*m - 13, -5*d + 9 = m. Let z(i) = -i**3 - 7*i**2 - 7*i - 4. Let l be z(m). Let w(n) = 9*n - 1. List the prime factors of w(l).
17
Suppose 8*x = 2*x + 348. What are the prime factors of x?
2, 29
Let z = -29 - -75. What are the prime factors of z?
2, 23
Let a = 10 + -15. List the prime factors of ((-6)/a)/((-8)/(-60)).
3
Let z = 32 - 90. List the prime factors of (z/(-4))/(2/4).
29
Let a = -10 + 5. Let j(g) = g**2 + 4*g + 6. Let k be j(a). Suppose 0 = 2*p - k + 3. List the prime factors of p.
2
Suppose -z = -i + z + 10, 2*z = -10. Let t be (i - 1)/(4/164). Let a = -28 - t. List the prime factors of a.
13
Let b(k) = 0 + 2 - 2*k + 10*k**2 - 1. List the prime factors of b(2).
37
Let w(y) = 53*y + 17. Let m(z) = 18*z + 6. Let h(x) = -17*m(x) + 6*w(x). Let q be h(1). What are the prime factors of q*(1 + (-2)/(-8))?
3, 5
List the prime factors of (-4)/((-4)/1176*3).
2, 7
Let w = 14 - 0. List the prime factors of w.
2, 7
Let r be 88/14 + (-28)/98. Suppose -6 - r = -3*x. What are the prime factors of x?
2
Let f = -6 + 5. Let s = 0 + f. Let l = s - -8. What are the prime factors of l?
7
Suppose 9*u - 10*u + 74 = 0. What are the prime factors of u?
2, 37
Let z = 21 - -95. What are the prime factors of z?
2, 29
Let o be ((-1)/1)/(3/(-12)). Suppose -4*z + 60 = 2*h, -13 = -o*h + 3. What are the prime factors of z?
13
Let l = -4 - -7. Suppose 5*i = -l*v + 37, 2*i - 8 = 4*i. What are the prime factors of v?
19
Let a = 178 + -62. What are the prime factors of a?
2, 29
Let s be (-2)/6 - 525/45. Let f = 55 + s. What are the prime factors of f?
43
Let j(u) = u + 25. Let l be j(0). Let g = 35 - l. What are the prime factors of g?
2, 5
Suppose -10*d + 1320 = 5*d. What are the prime factors of d?
2, 11
What are the prime factors of 2 - (-2 - 0) - -39?
43
Let b be (-3)/9 - (-26)/6. Suppose 2*j = 2 - 4, b*w + 13 = -5*j. Let a = 5 - w. What are the prime factors of a?
7
Let d = -62 - -133. List the prime factors of d.
71
Suppose -3*u + 20 = u. Suppose -u*h + 4*h = -8. What are the prime factors of h?
2
Let o(q) be the second derivative of 0 - 1/2*q**2 + 2*q + 1/5*q**5 + 1/3*q**3 + 0*q**4. List the prime factors of o(1).
5
Suppose -40 = -2*f + 2*q, 5*f + 5*q - 35 = f. Let z = 17 - f. What are the prime factors of z?
2
List the prime factors of (3/(-2))/((-45)/2820).
2, 47
Suppose -2*w + 8 = -3*h, -4*w - h = -0*w - 2. Let u be (w + 11)/(1/4). Suppose 0 = -4*a - 0*a + u. List the prime factors of a.
2, 3
List the prime factors of (10/20)/(2/164).
41
Let l(u) = 6*u**2 + 7*u - 5. List the prime factors of l(-4).
3, 7
Let f = -70 - -154. List the prime factors of f.
2, 3, 7
Let o be -7 + 8 - (-3 + 0). Suppose -x - 2*d + 9 = -0*x, -o*d = -5*x + 59. List the prime factors of x.
11
Let d(u) = -u**3 + 9*u**2 - 5*u + 19. Let t be d(8). Let y = t + 5. List the prime factors of y.
2, 3
Let d(o) = -6*o + 1. Let t be d(-1). Let j = -1 - -1. Let i = j + t. What are the prime factors of i?
7
Suppose -5*k - 6 = -21. Suppose 8*a - 100 = k*a. What are the prime factors of a?
2, 5
Let v be 1/(-1)*-1 + 9. Let t = v + -9. What are the prime factors of (0 + -1)/(t/(-11))?
11
Suppose 13*y - 12 = 10*y. What are the prime factors of y?
2
Suppose 0 = -2*b + 3*o + 14 + 47, 2*o + 2 = 0. List the prime factors of b.
29
What are the prime factors of ((-12)/8)/((-3)/34)?
17
Let u(m) = -6*m - 13. List the prime factors of u(-12).
59
Let n = -15 + 65. List the prime factors of n.
2, 5
Let r(h) = 6*h**2 - 2*h + 1. List the prime factors of r(2).
3, 7
Let b = 20 + -14. List the prime factors of b.
2, 3
Let r(t) = t + 5. Let x be r(0). Suppose -2*v - v + x*o + 7 = 0, 0 = v - 2*o - 2. Suppose u - v = 2. List the prime factors of u.
2, 3
Suppose 9*w = 4*w + 15. Suppose -28 = w*d - 5*d. List the prime factors of d.
2, 7
Suppose 3*j + 3 = 4*l, j + 3*l - 7*l = -1. List the prime factors of (190/50)/(j/(-5)).
19
Let p be (14/4)/(2/4). Suppose -7*b + 12*b + 15 = 0. List the prime factors of (p/2)/(b/(-6)).
7
Suppose -y + 0*y - 5*a + 50 = 0, 164 = 4*y + 2*a. List the prime factors of y.
2, 5
Suppose -3*m + 0*m + 4*z = -276, 3*z - 9 = 0. What are the prime factors of m?
2, 3
Let p = -49 + 72. List the prime factors of p.
23
List the prime factors of 1*6/3 - -61.
3, 7
Let z = 224 + -350. What are the prime factors of 1/(-5) + z/(-30)?
2
Suppose -7 = 4*d + z, 4*z - 10 = -3*d + 1. List the prime factors of -3 - -1*(d - -10).
2
What are the prime factors of 1 + 2 + 10 + 7?
2, 5
Let q(s) = s - 14. Let z be q(14). Let v(g) = -g - 2. Let b be v(z). List the prime factors of (-40)/b + 0 + 2.
2, 11
Suppose 3*g - 30 = -5*k, -5*g + 2*k = -2*g - 9. Suppose 4*i = -g*d + d + 136, 2*i = d + 80. What are the prime factors of i?
2, 19
Suppose 5*l - 2*x = 44, 2*l + 0*x + x = 14. Let h = -7 + l. Let f(s) = 3*s**2. What are the prime factors of f(h)?
3
Suppose -2*l + 4*w = 10, -5*w + 12 = -8. Suppose -4*m = 2*f - 26, -5*m - l*f + 2*f + 25 = 0. What are the prime factors of m?
2
Let p(g) = -g + g**2 - 2*g + 0 - 1. Let k be p(4). Suppose k*h = 4*h - 10. List the prime factors of h.
2, 5
Let v be (8/3)/(2/(-6)). What are the prime factors of 24/14*(-28)/v?
2, 3
Suppose 0 = 18*d - 15*d - 441. List the prime factors of d.
3, 7
Let n(j) = -j**3 - 6*j**2 - j - 7. Let y be n(-6). Let l(z) = 10*z + 5. Let u(v) = -1. Let b(o) = -l(o) - 5*u(o). What are the prime factors of b(y)?
2, 5
What are the prime factors of (-6 - -5)/(1/(-141))?
3, 47
Let s be 0/(6/(-9)*-3). Suppose s*q - 2*q + h - 7 = 0, -3*q - 4*h - 16 = 0. List the prime factors of 7/(-14) + (-58)/q.
2, 7
Let g(t) = -t**3 - t**2 + 3*t + 2. Let x = 2 + -4. Let u be g(x). Suppose u*l + 40 = 5*l. List the prime factors of l.
2
List the prime factors of (1 - (-3)/(-3)) + 19*9.
3, 19
Let b = 74 + -70. Let u = -14 - -29. Suppose -w + u = -b*y, -5*w + 3 = -y - 91. List the prime factors of w.
19
Let b(l) = 2*l**2 + 8*l + 14. Let v(f) = -5*f**2 - 24*f - 42. Suppose -6 = 5*s - 1, 2*s + 42 = 5*r. Let z(w) = r*b(w) + 3*v(w). List the prime factors of z(10).
2, 3
Suppose 4 = 5*g - 6. List the prime factors of 27 + 7/(7/g).
29
Suppose 0 = -2*t - 217 + 637. What are the prime factors of t?
2, 3, 5, 7
Let y be 0/1*(-6)/(-6). Let o be 8 - (y + 2 - -1). Suppose -3*c - 52 = -6*c - 2*m, o*c + 2*m = 84. What are the prime factors of c?
2
List the prime factors of (-242)/(-8) + (-8)/32.
2, 3, 5
Suppose 112 = 7*z - 5*z. What are the prime factors of z?
2, 7
Let p be 6*(2 + (-30)/9). Let c = 10 + p. Suppose 0 - 8 = c*f, -2*f = -3*g + 35. What are the prime factors of g?
3
Let s be 10 + 0*(-4)/12. Suppose s*v - 15 = 9*v. List the prime factors of v.
3, 5
Suppose 7*z = 8*z - 16. Let v = z - 9. List the prime factors of v.
7
Suppose -3*i + 4*p + 71 = -p, 5*i - p - 89 = 0. List the prime factors of i.
17
Let q(a) = -a**2 + 7*a + 6. Let b be q(7). Suppose 1 = -f + b. Suppose r - 5*v - 22 = 0, 0 - 2 = -r - f*v. List the prime factors of r.
2, 3
What are the prime factors of 590/7 - -2*(-5)/35?
2, 3, 7
Let p be 96/(-9) - 2/6. Let a be (-2)/p - (-800)/(-44). Let u = a - -30. What are the prime factors of u?
2, 3
Suppose -5*y + 130 = -3*y. What are the prime factors of y?
5, 13
What are the prime factors of 6/18*(1068 - 0)?
2, 89
Let w(x) = -x - 4. Let z be (-48)/(-18)*3*-1. Let m be w(z). Suppose -3*r = -4*i + 82, i + m*r - 30 = -0*r. List the prime factors of i.
2, 11
Suppose -3*r - 13 = -4. What are the prime factors of 3 - r/(3/2)?
5
Suppose 0 = 13*n - 17*n + 228. What are the prime factors of n?
3, 19
Suppose -18 = 2*g + 4*o, -g + 2*o + 2*o + 21 = 0. Let h(j) = 30*j**3 + j**2 - 2*j + 1. List the prime factors of h(g).
2, 3, 5
Let s = 26 + -37. Let q = s - -48. List the prime factors of q.
37
Let g = 89 - 49. List the prime factors of g.
2, 5
Suppose -4*g + 13 = j - 4*j, 3*j = -g - 8. Let a = g - 1. Suppose -z - 2 = -3*z, a = -3*l - z + 40. What are the prime factors of l?
13
Suppose 52 = 7*m 